{"id":7106,"date":"2021-04-22T06:31:20","date_gmt":"2021-04-22T05:31:20","guid":{"rendered":"https:\/\/wisemind.se\/kvinna\/?page_id=7106"},"modified":"2026-03-31T18:22:48","modified_gmt":"2026-03-31T17:22:48","slug":"pcos","status":"publish","type":"page","link":"https:\/\/wisemind.se\/kvinna\/pcos\/","title":{"rendered":"PCOS"},"content":{"rendered":"\t\t<div data-elementor-type=\"wp-page\" data-elementor-id=\"7106\" class=\"elementor elementor-7106\" data-elementor-post-type=\"page\">\n\t\t\t\t\t\t<section class=\"elementor-section elementor-top-section elementor-element elementor-element-4291e4be elementor-section-boxed elementor-section-height-default elementor-section-height-default\" data-id=\"4291e4be\" data-element_type=\"section\" data-e-type=\"section\">\n\t\t\t\t\t\t<div class=\"elementor-container elementor-column-gap-default\">\n\t\t\t\t\t<div class=\"elementor-column elementor-col-100 elementor-top-column elementor-element elementor-element-25fc8910\" data-id=\"25fc8910\" data-element_type=\"column\" data-e-type=\"column\">\n\t\t\t<div class=\"elementor-widget-wrap elementor-element-populated\">\n\t\t\t\t\t\t<div class=\"elementor-element elementor-element-949b611 elementor-widget elementor-widget-heading\" data-id=\"949b611\" data-element_type=\"widget\" data-e-type=\"widget\" data-widget_type=\"heading.default\">\n\t\t\t\t<div class=\"elementor-widget-container\">\n\t\t\t\t\t<h1 class=\"elementor-heading-title elementor-size-default\">Polycystiskt ovariesyndrom (PCOS)<\/h1>\t\t\t\t<\/div>\n\t\t\t\t<\/div>\n\t\t\t\t<div class=\"elementor-element elementor-element-39f91137 elementor-widget elementor-widget-text-editor\" data-id=\"39f91137\" data-element_type=\"widget\" data-e-type=\"widget\" data-widget_type=\"text-editor.default\">\n\t\t\t\t<div class=\"elementor-widget-container\">\n\t\t\t\t\t\t\t\t\t<h2>Vad \u00e4r PCOS?<\/h2><p>Polycystiskt ovariesyndrom (PCOS) \u00e4r en sjukdom som p\u00e5verkar hormonbalans och \u00e4mnesoms\u00e4ttning hos kvinnor i fertil \u00e5lder. Den k\u00e4nnetecknas av oregelbunden menscykel eller utebliven \u00e4gglossning, h\u00f6ga niv\u00e5er av androgener och poly-cystiska ovarier.<\/p><p>Symtomen som visar sig kan variera stort, exempelvis:\u00a0<\/p><ul><li data-leveltext=\"-\" data-font=\"Calibri\" data-listid=\"15\" aria-setsize=\"-1\" data-aria-posinset=\"1\" data-aria-level=\"1\">Symtom kopplade till \u00e4mnesoms\u00e4ttningen: viktuppg\u00e5ng, diabetes och hj\u00e4rt- och k\u00e4rlsjukdomar\u00a0\u00a0<\/li><li data-leveltext=\"-\" data-font=\"Calibri\" data-listid=\"15\" aria-setsize=\"-1\" data-aria-posinset=\"2\" data-aria-level=\"1\">Hormonella symtom: acne, \u00f6kad h\u00e5rv\u00e4xt p\u00e5 kropp och i ansikte och infertilitet\u00a0\u00a0<\/li><li data-leveltext=\"-\" data-font=\"Calibri\" data-listid=\"15\" aria-setsize=\"-1\" data-aria-posinset=\"3\" data-aria-level=\"1\">Psykologiska symtom: depression, \u00e5ngest och \u00e4tst\u00f6rningar\u00a0<\/li><\/ul><h3>Konsekvenser av sjukdomen<\/h3><p>Sjukdomen kan medf\u00f6ra stora konsekvenser i livet hos den som drabbas. PCOS inneb\u00e4r en h\u00f6gre risk f\u00f6r att drabbas av b\u00e5de depression och \u00e5ngest. Exakt hur\u00a0 sambandet ser ut \u00e4r inte klart. Hur en kvinna med PCOS ser p\u00e5 sin sjukdom har visat sig p\u00e5verka den psykiska h\u00e4lsan. En k\u00e4nsla av brist p\u00e5 kontroll \u00f6ver sitt eget liv har naturligtvis en negativ p\u00e5verkan p\u00e5 den psykiska h\u00e4lsan.\u00a0<\/p><h3>Symtombehandling<\/h3><p>Eftersom symtomen \u00e4r m\u00e5nga och varierar mellan personer kan det vara sv\u00e5rt att st\u00e4lla en diagnos och att s\u00e4tta in r\u00e4tt behandling. Orsaken till PCOS \u00e4r inte fastst\u00e4lld. Det kan bero p\u00e5 genetiska faktorer. Fokus ligger p\u00e5 att behandla symptomen. Det rekommenderas att den som misst\u00e4nker PCOS utreds och behandlas av v\u00e5rdgivare med kompetens inom olika omr\u00e5den f\u00f6r att kunna f\u00e5 kunskap om sin sjukdom, makt \u00f6ver sin egen tillvaro och hj\u00e4lp med beteendef\u00f6r\u00e4ndring f\u00f6r att sj\u00e4lv kunna hantera sin sjukdom och minska symtomen.<\/p><p>P\u00e5 WiseMind arbetar vi med psykologiskt st\u00f6d och behandling vid PCOS. <a href=\"https:\/\/wisemind.se\/kvinna\/kontakt\/\">Kontakta<\/a> g\u00e4rna oss f\u00f6r ett r\u00e5dgivande samtal.\u00a0<\/p>\t\t\t\t\t\t\t\t<\/div>\n\t\t\t\t<\/div>\n\t\t\t\t\t<\/div>\n\t\t<\/div>\n\t\t\t\t\t<\/div>\n\t\t<\/section>\n\t\t\t\t<section class=\"elementor-section elementor-top-section elementor-element elementor-element-bbb7085 elementor-section-full_width elementor-section-height-default elementor-section-height-default\" data-id=\"bbb7085\" data-element_type=\"section\" data-e-type=\"section\">\n\t\t\t\t\t\t<div class=\"elementor-container elementor-column-gap-default\">\n\t\t\t\t\t<div class=\"elementor-column elementor-col-100 elementor-top-column elementor-element elementor-element-4a827fec\" data-id=\"4a827fec\" data-element_type=\"column\" data-e-type=\"column\" data-settings=\"{&quot;background_background&quot;:&quot;classic&quot;}\">\n\t\t\t<div class=\"elementor-widget-wrap elementor-element-populated\">\n\t\t\t\t\t\t<section class=\"elementor-section elementor-inner-section elementor-element elementor-element-4a4d88bb elementor-section-boxed elementor-section-height-default elementor-section-height-default\" data-id=\"4a4d88bb\" data-element_type=\"section\" data-e-type=\"section\" data-settings=\"{&quot;background_background&quot;:&quot;classic&quot;}\">\n\t\t\t\t\t\t<div class=\"elementor-container elementor-column-gap-default\">\n\t\t\t\t\t<div class=\"elementor-column elementor-col-33 elementor-inner-column elementor-element elementor-element-75cc5b4f\" data-id=\"75cc5b4f\" data-element_type=\"column\" data-e-type=\"column\">\n\t\t\t<div class=\"elementor-widget-wrap elementor-element-populated\">\n\t\t\t\t\t\t<div class=\"elementor-element elementor-element-5a727a7 elementor-align-justify elementor-mobile-align-justify elementor-widget elementor-widget-global elementor-global-2060 elementor-widget-button\" data-id=\"5a727a7\" data-element_type=\"widget\" data-e-type=\"widget\" data-widget_type=\"button.default\">\n\t\t\t\t<div class=\"elementor-widget-container\">\n\t\t\t\t\t\t\t\t\t<div class=\"elementor-button-wrapper\">\n\t\t\t\t\t<a class=\"elementor-button elementor-button-link elementor-size-sm\" href=\"\/kvinna\/bokning-och-priser\" id=\"info-kv-global\">\n\t\t\t\t\t\t<span class=\"elementor-button-content-wrapper\">\n\t\t\t\t\t\t\t\t\t<span class=\"elementor-button-text\">Prislista<\/span>\n\t\t\t\t\t<\/span>\n\t\t\t\t\t<\/a>\n\t\t\t\t<\/div>\n\t\t\t\t\t\t\t\t<\/div>\n\t\t\t\t<\/div>\n\t\t\t\t\t<\/div>\n\t\t<\/div>\n\t\t\t\t<div class=\"elementor-column elementor-col-33 elementor-inner-column elementor-element elementor-element-7c61ff50\" data-id=\"7c61ff50\" data-element_type=\"column\" data-e-type=\"column\">\n\t\t\t<div class=\"elementor-widget-wrap elementor-element-populated\">\n\t\t\t\t\t\t<div class=\"elementor-element elementor-element-5f25924d elementor-align-justify elementor-mobile-align-justify elementor-widget elementor-widget-global elementor-global-10608 elementor-widget-button\" data-id=\"5f25924d\" data-element_type=\"widget\" data-e-type=\"widget\" data-widget_type=\"button.default\">\n\t\t\t\t<div class=\"elementor-widget-container\">\n\t\t\t\t\t\t\t\t\t<div class=\"elementor-button-wrapper\">\n\t\t\t\t\t<a class=\"elementor-button elementor-button-link elementor-size-sm\" href=\"https:\/\/psykologiteamet.kaddio.com\/booking\/cal\/\" id=\"Boka-kv-global\">\n\t\t\t\t\t\t<span class=\"elementor-button-content-wrapper\">\n\t\t\t\t\t\t\t\t\t<span class=\"elementor-button-text\">Boka tid<\/span>\n\t\t\t\t\t<\/span>\n\t\t\t\t\t<\/a>\n\t\t\t\t<\/div>\n\t\t\t\t\t\t\t\t<\/div>\n\t\t\t\t<\/div>\n\t\t\t\t\t<\/div>\n\t\t<\/div>\n\t\t\t\t<div class=\"elementor-column elementor-col-33 elementor-inner-column elementor-element elementor-element-6b27cc20\" data-id=\"6b27cc20\" data-element_type=\"column\" data-e-type=\"column\">\n\t\t\t<div class=\"elementor-widget-wrap elementor-element-populated\">\n\t\t\t\t\t\t<div class=\"elementor-element elementor-element-6cbe870c elementor-align-justify elementor-mobile-align-justify elementor-widget elementor-widget-global elementor-global-1978 elementor-widget-button\" data-id=\"6cbe870c\" data-element_type=\"widget\" data-e-type=\"widget\" data-widget_type=\"button.default\">\n\t\t\t\t<div class=\"elementor-widget-container\">\n\t\t\t\t\t\t\t\t\t<div class=\"elementor-button-wrapper\">\n\t\t\t\t\t<a class=\"elementor-button elementor-button-link elementor-size-sm\" href=\"https:\/\/psykologiteamet.kaddio.com\/contact-us\" id=\"kontakt-kv-global\">\n\t\t\t\t\t\t<span class=\"elementor-button-content-wrapper\">\n\t\t\t\t\t\t\t\t\t<span class=\"elementor-button-text\">Kontakta oss<\/span>\n\t\t\t\t\t<\/span>\n\t\t\t\t\t<\/a>\n\t\t\t\t<\/div>\n\t\t\t\t\t\t\t\t<\/div>\n\t\t\t\t<\/div>\n\t\t\t\t\t<\/div>\n\t\t<\/div>\n\t\t\t\t\t<\/div>\n\t\t<\/section>\n\t\t\t\t\t<\/div>\n\t\t<\/div>\n\t\t\t\t\t<\/div>\n\t\t<\/section>\n\t\t\t\t<\/div>\n\t\t","protected":false},"excerpt":{"rendered":"<p>Polycystiskt ovariesyndrom (PCOS) Vad \u00e4r PCOS? Polycystiskt ovariesyndrom (PCOS) \u00e4r en sjukdom som p\u00e5verkar hormonbalans och \u00e4mnesoms\u00e4ttning hos kvinnor i fertil \u00e5lder. Den k\u00e4nnetecknas av oregelbunden menscykel eller utebliven \u00e4gglossning, h\u00f6ga niv\u00e5er av androgener och poly-cystiska ovarier. Symtomen som visar sig kan variera stort, exempelvis:\u00a0 Symtom kopplade till \u00e4mnesoms\u00e4ttningen: viktuppg\u00e5ng, diabetes och hj\u00e4rt- och k\u00e4rlsjukdomar\u00a0\u00a0 [&hellip;]<\/p>\n","protected":false},"author":2,"featured_media":0,"parent":0,"menu_order":0,"comment_status":"closed","ping_status":"closed","template":"","meta":{"_monsterinsights_skip_tracking":false,"_monsterinsights_sitenote_active":false,"_monsterinsights_sitenote_note":"","_monsterinsights_sitenote_category":0,"footnotes":""},"class_list":["post-7106","page","type-page","status-publish","hentry"],"yoast_head":"<!-- This site is optimized with the Yoast SEO plugin v27.6 - https:\/\/yoast.com\/product\/yoast-seo-wordpress\/ -->\n<title>PCOS - WiseMind Kvinnoh\u00e4lsa<\/title>\n<meta name=\"description\" content=\"Polycystiskt ovariesyndrom (PCOS) \u00e4r en sjukdom som p\u00e5verkar hormonbalans och \u00e4mnesoms\u00e4ttning hos kvinnor i fertil \u00e5lder.\" \/>\n<meta name=\"robots\" content=\"index, follow, max-snippet:-1, max-image-preview:large, max-video-preview:-1\" \/>\n<link rel=\"canonical\" href=\"https:\/\/wisemind.se\/kvinna\/pcos\/\" \/>\n<meta property=\"og:locale\" content=\"sv_SE\" \/>\n<meta property=\"og:type\" content=\"article\" \/>\n<meta property=\"og:title\" content=\"PCOS - WiseMind Kvinnoh\u00e4lsa\" \/>\n<meta property=\"og:description\" content=\"Polycystiskt ovariesyndrom (PCOS) \u00e4r en sjukdom som p\u00e5verkar hormonbalans och \u00e4mnesoms\u00e4ttning hos kvinnor i fertil \u00e5lder.\" \/>\n<meta property=\"og:url\" content=\"https:\/\/wisemind.se\/kvinna\/pcos\/\" \/>\n<meta property=\"og:site_name\" content=\"WiseMind Kvinnoh\u00e4lsa\" \/>\n<meta property=\"article:modified_time\" content=\"2026-03-31T17:22:48+00:00\" \/>\n<meta name=\"twitter:card\" content=\"summary_large_image\" \/>\n<meta name=\"twitter:label1\" content=\"Ber\u00e4knad l\u00e4stid\" \/>\n\t<meta name=\"twitter:data1\" content=\"2 minuter\" \/>\n<script type=\"application\/ld+json\" class=\"yoast-schema-graph\">{\"@context\":\"https:\\\/\\\/schema.org\",\"@graph\":[{\"@type\":\"WebPage\",\"@id\":\"https:\\\/\\\/wisemind.se\\\/kvinna\\\/pcos\\\/\",\"url\":\"https:\\\/\\\/wisemind.se\\\/kvinna\\\/pcos\\\/\",\"name\":\"PCOS - WiseMind Kvinnoh\u00e4lsa\",\"isPartOf\":{\"@id\":\"https:\\\/\\\/wisemind.se\\\/kvinna\\\/#website\"},\"datePublished\":\"2021-04-22T05:31:20+00:00\",\"dateModified\":\"2026-03-31T17:22:48+00:00\",\"description\":\"Polycystiskt ovariesyndrom (PCOS) \u00e4r en sjukdom som p\u00e5verkar hormonbalans och \u00e4mnesoms\u00e4ttning hos kvinnor i fertil \u00e5lder.\",\"breadcrumb\":{\"@id\":\"https:\\\/\\\/wisemind.se\\\/kvinna\\\/pcos\\\/#breadcrumb\"},\"inLanguage\":\"sv-SE\",\"potentialAction\":[{\"@type\":\"ReadAction\",\"target\":[\"https:\\\/\\\/wisemind.se\\\/kvinna\\\/pcos\\\/\"]}]},{\"@type\":\"BreadcrumbList\",\"@id\":\"https:\\\/\\\/wisemind.se\\\/kvinna\\\/pcos\\\/#breadcrumb\",\"itemListElement\":[{\"@type\":\"ListItem\",\"position\":1,\"name\":\"Hem\",\"item\":\"https:\\\/\\\/wisemind.se\\\/kvinna\\\/\"},{\"@type\":\"ListItem\",\"position\":2,\"name\":\"PCOS\"}]},{\"@type\":\"WebSite\",\"@id\":\"https:\\\/\\\/wisemind.se\\\/kvinna\\\/#website\",\"url\":\"https:\\\/\\\/wisemind.se\\\/kvinna\\\/\",\"name\":\"WiseMind Kvinnoh\u00e4lsa\",\"description\":\"Psykologiskt Kunskapscenter\",\"publisher\":{\"@id\":\"https:\\\/\\\/wisemind.se\\\/kvinna\\\/#organization\"},\"potentialAction\":[{\"@type\":\"SearchAction\",\"target\":{\"@type\":\"EntryPoint\",\"urlTemplate\":\"https:\\\/\\\/wisemind.se\\\/kvinna\\\/?s={search_term_string}\"},\"query-input\":{\"@type\":\"PropertyValueSpecification\",\"valueRequired\":true,\"valueName\":\"search_term_string\"}}],\"inLanguage\":\"sv-SE\"},{\"@type\":\"Organization\",\"@id\":\"https:\\\/\\\/wisemind.se\\\/kvinna\\\/#organization\",\"name\":\"Utveckling och Balans\",\"url\":\"https:\\\/\\\/wisemind.se\\\/kvinna\\\/\",\"logo\":{\"@type\":\"ImageObject\",\"inLanguage\":\"sv-SE\",\"@id\":\"https:\\\/\\\/wisemind.se\\\/kvinna\\\/#\\\/schema\\\/logo\\\/image\\\/\",\"url\":\"https:\\\/\\\/wisemind.se\\\/kvinna\\\/wp-content\\\/uploads\\\/uob-logga-150.png\",\"contentUrl\":\"https:\\\/\\\/wisemind.se\\\/kvinna\\\/wp-content\\\/uploads\\\/uob-logga-150.png\",\"width\":150,\"height\":62,\"caption\":\"Utveckling och Balans\"},\"image\":{\"@id\":\"https:\\\/\\\/wisemind.se\\\/kvinna\\\/#\\\/schema\\\/logo\\\/image\\\/\"}}]}<\/script>\n<!-- \/ Yoast SEO plugin. -->","yoast_head_json":{"title":"PCOS - WiseMind Kvinnoh\u00e4lsa","description":"Polycystiskt ovariesyndrom (PCOS) \u00e4r en sjukdom som p\u00e5verkar hormonbalans och \u00e4mnesoms\u00e4ttning hos kvinnor i fertil \u00e5lder.","robots":{"index":"index","follow":"follow","max-snippet":"max-snippet:-1","max-image-preview":"max-image-preview:large","max-video-preview":"max-video-preview:-1"},"canonical":"https:\/\/wisemind.se\/kvinna\/pcos\/","og_locale":"sv_SE","og_type":"article","og_title":"PCOS - WiseMind Kvinnoh\u00e4lsa","og_description":"Polycystiskt ovariesyndrom (PCOS) \u00e4r en sjukdom som p\u00e5verkar hormonbalans och \u00e4mnesoms\u00e4ttning hos kvinnor i fertil \u00e5lder.","og_url":"https:\/\/wisemind.se\/kvinna\/pcos\/","og_site_name":"WiseMind Kvinnoh\u00e4lsa","article_modified_time":"2026-03-31T17:22:48+00:00","twitter_card":"summary_large_image","twitter_misc":{"Ber\u00e4knad l\u00e4stid":"2 minuter"},"schema":{"@context":"https:\/\/schema.org","@graph":[{"@type":"WebPage","@id":"https:\/\/wisemind.se\/kvinna\/pcos\/","url":"https:\/\/wisemind.se\/kvinna\/pcos\/","name":"PCOS - WiseMind Kvinnoh\u00e4lsa","isPartOf":{"@id":"https:\/\/wisemind.se\/kvinna\/#website"},"datePublished":"2021-04-22T05:31:20+00:00","dateModified":"2026-03-31T17:22:48+00:00","description":"Polycystiskt ovariesyndrom (PCOS) \u00e4r en sjukdom som p\u00e5verkar hormonbalans och \u00e4mnesoms\u00e4ttning hos kvinnor i fertil \u00e5lder.","breadcrumb":{"@id":"https:\/\/wisemind.se\/kvinna\/pcos\/#breadcrumb"},"inLanguage":"sv-SE","potentialAction":[{"@type":"ReadAction","target":["https:\/\/wisemind.se\/kvinna\/pcos\/"]}]},{"@type":"BreadcrumbList","@id":"https:\/\/wisemind.se\/kvinna\/pcos\/#breadcrumb","itemListElement":[{"@type":"ListItem","position":1,"name":"Hem","item":"https:\/\/wisemind.se\/kvinna\/"},{"@type":"ListItem","position":2,"name":"PCOS"}]},{"@type":"WebSite","@id":"https:\/\/wisemind.se\/kvinna\/#website","url":"https:\/\/wisemind.se\/kvinna\/","name":"WiseMind Kvinnoh\u00e4lsa","description":"Psykologiskt Kunskapscenter","publisher":{"@id":"https:\/\/wisemind.se\/kvinna\/#organization"},"potentialAction":[{"@type":"SearchAction","target":{"@type":"EntryPoint","urlTemplate":"https:\/\/wisemind.se\/kvinna\/?s={search_term_string}"},"query-input":{"@type":"PropertyValueSpecification","valueRequired":true,"valueName":"search_term_string"}}],"inLanguage":"sv-SE"},{"@type":"Organization","@id":"https:\/\/wisemind.se\/kvinna\/#organization","name":"Utveckling och Balans","url":"https:\/\/wisemind.se\/kvinna\/","logo":{"@type":"ImageObject","inLanguage":"sv-SE","@id":"https:\/\/wisemind.se\/kvinna\/#\/schema\/logo\/image\/","url":"https:\/\/wisemind.se\/kvinna\/wp-content\/uploads\/uob-logga-150.png","contentUrl":"https:\/\/wisemind.se\/kvinna\/wp-content\/uploads\/uob-logga-150.png","width":150,"height":62,"caption":"Utveckling och Balans"},"image":{"@id":"https:\/\/wisemind.se\/kvinna\/#\/schema\/logo\/image\/"}}]}},"_links":{"self":[{"href":"https:\/\/wisemind.se\/kvinna\/wp-json\/wp\/v2\/pages\/7106","targetHints":{"allow":["GET"]}}],"collection":[{"href":"https:\/\/wisemind.se\/kvinna\/wp-json\/wp\/v2\/pages"}],"about":[{"href":"https:\/\/wisemind.se\/kvinna\/wp-json\/wp\/v2\/types\/page"}],"author":[{"embeddable":true,"href":"https:\/\/wisemind.se\/kvinna\/wp-json\/wp\/v2\/users\/2"}],"replies":[{"embeddable":true,"href":"https:\/\/wisemind.se\/kvinna\/wp-json\/wp\/v2\/comments?post=7106"}],"version-history":[{"count":3,"href":"https:\/\/wisemind.se\/kvinna\/wp-json\/wp\/v2\/pages\/7106\/revisions"}],"predecessor-version":[{"id":12223,"href":"https:\/\/wisemind.se\/kvinna\/wp-json\/wp\/v2\/pages\/7106\/revisions\/12223"}],"wp:attachment":[{"href":"https:\/\/wisemind.se\/kvinna\/wp-json\/wp\/v2\/media?parent=7106"}],"curies":[{"name":"wp","href":"https:\/\/api.w.org\/{rel}","templated":true}]}}