{"id":45,"date":"2019-02-08T22:46:42","date_gmt":"2019-02-08T21:46:42","guid":{"rendered":"https:\/\/wisemind.se\/kvinna\/social-fobi\/"},"modified":"2025-09-02T07:06:39","modified_gmt":"2025-09-02T06:06:39","slug":"vestibulit","status":"publish","type":"page","link":"https:\/\/wisemind.se\/kvinna\/vestibulit\/","title":{"rendered":"Vestibulit"},"content":{"rendered":"\t\t<div data-elementor-type=\"wp-page\" data-elementor-id=\"45\" class=\"elementor elementor-45\" data-elementor-post-type=\"page\">\n\t\t\t\t\t\t<section class=\"elementor-section elementor-top-section elementor-element elementor-element-6c3cf250 elementor-section-boxed elementor-section-height-default elementor-section-height-default\" data-id=\"6c3cf250\" data-element_type=\"section\" data-e-type=\"section\">\n\t\t\t\t\t\t<div class=\"elementor-container elementor-column-gap-default\">\n\t\t\t\t\t<div class=\"elementor-column elementor-col-100 elementor-top-column elementor-element elementor-element-2992403\" data-id=\"2992403\" data-element_type=\"column\" data-e-type=\"column\">\n\t\t\t<div class=\"elementor-widget-wrap elementor-element-populated\">\n\t\t\t\t\t\t<div class=\"elementor-element elementor-element-530efe39 elementor-widget elementor-widget-heading\" data-id=\"530efe39\" data-element_type=\"widget\" data-e-type=\"widget\" data-widget_type=\"heading.default\">\n\t\t\t\t<div class=\"elementor-widget-container\">\n\t\t\t\t\t<h1 class=\"elementor-heading-title elementor-size-default\">Vestibulit<\/h1>\t\t\t\t<\/div>\n\t\t\t\t<\/div>\n\t\t\t\t<div class=\"elementor-element elementor-element-2e12afec elementor-widget elementor-widget-text-editor\" data-id=\"2e12afec\" data-element_type=\"widget\" data-e-type=\"widget\" data-widget_type=\"text-editor.default\">\n\t\t\t\t<div class=\"elementor-widget-container\">\n\t\t\t\t\t\t\t\t\t<h2>Vad \u00e4r vestibulit?<\/h2><p>Vestibulit eller provocerad vulvodyni inneb\u00e4r sm\u00e4rta lokaliserad till bakre delen av slidmynningen. Gynekologer kan ofta se en rodnad i k\u00f6rtelmynningarna i slidan. Sm\u00e4rtan utl\u00f6ses endast genom ber\u00f6ring av omr\u00e5det eller vid penetrationsf\u00f6rs\u00f6k, medan man ofta \u00e4r sm\u00e4rtfri i andra situationer. Sm\u00e4rtan beskrivs vanligtvis som en svidande, br\u00e4nnande k\u00e4nsla, vilket oftast sl\u00e4cker eventuell lust och sexuell upphetsning.\u00a0<\/p><h2>Oklara orsaker\u00a0<\/h2><p>Orsaken bakom vestibulit \u00e4r fortfarande oklar. Det finns en del st\u00f6d f\u00f6r psykologiska faktorers betydelse f\u00f6r sm\u00e4rtans uppkomst och vidmakth\u00e5llande. Sannolikt \u00e4r vestibulit ett sm\u00e4rtsymtom som kan vara uttryck f\u00f6r m\u00e5nga olika saker. I vissa fall uppst\u00e5r sm\u00e4rtan i samband med stress och f\u00f6rh\u00f6jt sp\u00e4nningsl\u00e4ge. Spontan l\u00e4kning eller avsev\u00e4rd f\u00f6rb\u00e4ttring \u00e4r vanlig efter r\u00e5dgivning och st\u00f6d av insatt och kunnig v\u00e5rdpersonal.\u00a0<\/p><h2>Behandling<\/h2><p>Kognitiv beteendeterapi (KBT) har visat sig vara effektivt mot vestibulit och flera andra sm\u00e4rttillst\u00e5nd. <span style=\"color: var( --e-global-color-text ); font-family: var( --e-global-typography-text-font-family ), Open Sans; font-weight: var( --e-global-typography-text-font-weight );\">Det \u00e4r dock viktigt att f\u00f6rst ha uteslutit andra medicinska tillst\u00e5nd genom gynekologisk unders\u00f6kning.\u00a0<\/span><span style=\"color: var( --e-global-color-text ); font-family: var( --e-global-typography-text-font-family ), Open Sans; font-weight: var( --e-global-typography-text-font-weight );\">I KBT-behandlingen vid vestibulit\u00a0<\/span><span style=\"color: var( --e-global-color-text ); font-family: var( --e-global-typography-text-font-family ), Open Sans; font-weight: var( --e-global-typography-text-font-weight );\">arbetar man med att kunna f\u00f6r\u00e4ndra negativa f\u00f6rv\u00e4ntningar och r\u00e4dsla i de situationer d\u00e4r sm\u00e4rtan uppst\u00e5r. Man str\u00e4var efter att f\u00f6r\u00e4ndra sm\u00e4rtupplevelsen s\u00e5 att ber\u00f6ring \u00e5terigen upplevs som endast en ber\u00f6ring ist\u00e4llet f\u00f6r svidande sm\u00e4rta.\u00a0<\/span><\/p><p><span style=\"color: var( --e-global-color-text ); font-family: var( --e-global-typography-text-font-family ), Open Sans; font-weight: var( --e-global-typography-text-font-weight );\">En annan viktig del i behandling \u00e4r att ge psykoedukation, dvs ge information om tillst\u00e5ndet, hur vanligt det \u00e4r, vilka symptom som finns och hur man kan f\u00f6rst\u00e5 dessa samt att det hos m\u00e5nga ocks\u00e5 g\u00e5r \u00f6ver. Det kan ocks\u00e5 vara hj\u00e4lpsamt att se hur man kan hitta till n\u00e4rhet och sex som man trivs med. Att arbeta med stresshantering och h\u00e4lsofr\u00e4mjande insatser f\u00f6r att m\u00e5 bra generellt, s\u00e5v\u00e4l psykiskt som fysiskt, kan ocks\u00e5 ha en positiv p\u00e5verkan. <\/span><\/p><p><span style=\"color: var( --e-global-color-text ); font-family: var( --e-global-typography-text-font-family ), Open Sans; font-weight: var( --e-global-typography-text-font-weight );\">P\u00e5 WiseMind kan vi erbjuda psykologisk behandling vid vestibulit. <\/span><span style=\"color: var( --e-global-color-text ); font-family: var( --e-global-typography-text-font-family ), Open Sans; font-weight: var( --e-global-typography-text-font-weight );\">V\u00e4lkommen att <a href=\"https:\/\/wisemind.se\/kvinna\/kontakt\/\">kontakta oss<\/a> f\u00f6r ett r\u00e5dgivande samtal.<\/span><\/p>\t\t\t\t\t\t\t\t<\/div>\n\t\t\t\t<\/div>\n\t\t\t\t\t<\/div>\n\t\t<\/div>\n\t\t\t\t\t<\/div>\n\t\t<\/section>\n\t\t\t\t<section class=\"elementor-section elementor-top-section elementor-element elementor-element-28017851 elementor-section-full_width elementor-section-height-default elementor-section-height-default\" data-id=\"28017851\" data-element_type=\"section\" data-e-type=\"section\">\n\t\t\t\t\t\t<div class=\"elementor-container elementor-column-gap-default\">\n\t\t\t\t\t<div class=\"elementor-column elementor-col-100 elementor-top-column elementor-element elementor-element-7100a599\" data-id=\"7100a599\" data-element_type=\"column\" data-e-type=\"column\" data-settings=\"{&quot;background_background&quot;:&quot;classic&quot;}\">\n\t\t\t<div class=\"elementor-widget-wrap elementor-element-populated\">\n\t\t\t\t\t\t<section class=\"elementor-section elementor-inner-section elementor-element elementor-element-5601bf09 elementor-section-boxed elementor-section-height-default elementor-section-height-default\" data-id=\"5601bf09\" data-element_type=\"section\" data-e-type=\"section\" data-settings=\"{&quot;background_background&quot;:&quot;classic&quot;}\">\n\t\t\t\t\t\t<div class=\"elementor-container elementor-column-gap-default\">\n\t\t\t\t\t<div class=\"elementor-column elementor-col-33 elementor-inner-column elementor-element elementor-element-60bafb19\" data-id=\"60bafb19\" data-element_type=\"column\" data-e-type=\"column\">\n\t\t\t<div class=\"elementor-widget-wrap elementor-element-populated\">\n\t\t\t\t\t\t<div class=\"elementor-element elementor-element-7990cd12 elementor-align-justify elementor-mobile-align-justify elementor-widget elementor-widget-global elementor-global-2060 elementor-widget-button\" data-id=\"7990cd12\" data-element_type=\"widget\" data-e-type=\"widget\" data-widget_type=\"button.default\">\n\t\t\t\t<div class=\"elementor-widget-container\">\n\t\t\t\t\t\t\t\t\t<div class=\"elementor-button-wrapper\">\n\t\t\t\t\t<a class=\"elementor-button elementor-button-link elementor-size-sm\" href=\"\/kvinna\/bokning-och-priser\" id=\"info-kv-global\">\n\t\t\t\t\t\t<span class=\"elementor-button-content-wrapper\">\n\t\t\t\t\t\t\t\t\t<span class=\"elementor-button-text\">Prislista<\/span>\n\t\t\t\t\t<\/span>\n\t\t\t\t\t<\/a>\n\t\t\t\t<\/div>\n\t\t\t\t\t\t\t\t<\/div>\n\t\t\t\t<\/div>\n\t\t\t\t\t<\/div>\n\t\t<\/div>\n\t\t\t\t<div class=\"elementor-column elementor-col-33 elementor-inner-column elementor-element elementor-element-73df03de\" data-id=\"73df03de\" data-element_type=\"column\" data-e-type=\"column\">\n\t\t\t<div class=\"elementor-widget-wrap elementor-element-populated\">\n\t\t\t\t\t\t<div class=\"elementor-element elementor-element-78ac81a4 elementor-align-justify elementor-mobile-align-justify elementor-widget elementor-widget-global elementor-global-10608 elementor-widget-button\" data-id=\"78ac81a4\" data-element_type=\"widget\" data-e-type=\"widget\" data-widget_type=\"button.default\">\n\t\t\t\t<div class=\"elementor-widget-container\">\n\t\t\t\t\t\t\t\t\t<div class=\"elementor-button-wrapper\">\n\t\t\t\t\t<a class=\"elementor-button elementor-button-link elementor-size-sm\" href=\"https:\/\/psykologiteamet.kaddio.com\/booking\/cal\/\" id=\"Boka-kv-global\">\n\t\t\t\t\t\t<span class=\"elementor-button-content-wrapper\">\n\t\t\t\t\t\t\t\t\t<span class=\"elementor-button-text\">Boka tid<\/span>\n\t\t\t\t\t<\/span>\n\t\t\t\t\t<\/a>\n\t\t\t\t<\/div>\n\t\t\t\t\t\t\t\t<\/div>\n\t\t\t\t<\/div>\n\t\t\t\t\t<\/div>\n\t\t<\/div>\n\t\t\t\t<div class=\"elementor-column elementor-col-33 elementor-inner-column elementor-element elementor-element-74b93cb4\" data-id=\"74b93cb4\" data-element_type=\"column\" data-e-type=\"column\">\n\t\t\t<div class=\"elementor-widget-wrap elementor-element-populated\">\n\t\t\t\t\t\t<div class=\"elementor-element elementor-element-6bce683a elementor-align-justify elementor-mobile-align-justify elementor-widget elementor-widget-global elementor-global-1978 elementor-widget-button\" data-id=\"6bce683a\" data-element_type=\"widget\" data-e-type=\"widget\" data-widget_type=\"button.default\">\n\t\t\t\t<div class=\"elementor-widget-container\">\n\t\t\t\t\t\t\t\t\t<div class=\"elementor-button-wrapper\">\n\t\t\t\t\t<a class=\"elementor-button elementor-button-link elementor-size-sm\" href=\"https:\/\/psykologiteamet.kaddio.com\/contact-us\" id=\"kontakt-kv-global\">\n\t\t\t\t\t\t<span class=\"elementor-button-content-wrapper\">\n\t\t\t\t\t\t\t\t\t<span class=\"elementor-button-text\">Kontakta oss<\/span>\n\t\t\t\t\t<\/span>\n\t\t\t\t\t<\/a>\n\t\t\t\t<\/div>\n\t\t\t\t\t\t\t\t<\/div>\n\t\t\t\t<\/div>\n\t\t\t\t\t<\/div>\n\t\t<\/div>\n\t\t\t\t\t<\/div>\n\t\t<\/section>\n\t\t\t\t\t<\/div>\n\t\t<\/div>\n\t\t\t\t\t<\/div>\n\t\t<\/section>\n\t\t\t\t<\/div>\n\t\t","protected":false},"excerpt":{"rendered":"<p>Vestibulit Vad \u00e4r vestibulit? Vestibulit eller provocerad vulvodyni inneb\u00e4r sm\u00e4rta lokaliserad till bakre delen av slidmynningen. Gynekologer kan ofta se en rodnad i k\u00f6rtelmynningarna i slidan. Sm\u00e4rtan utl\u00f6ses endast genom ber\u00f6ring av omr\u00e5det eller vid penetrationsf\u00f6rs\u00f6k, medan man ofta \u00e4r sm\u00e4rtfri i andra situationer. Sm\u00e4rtan beskrivs vanligtvis som en svidande, br\u00e4nnande k\u00e4nsla, vilket oftast sl\u00e4cker [&hellip;]<\/p>\n","protected":false},"author":2,"featured_media":0,"parent":0,"menu_order":13,"comment_status":"closed","ping_status":"closed","template":"","meta":{"_monsterinsights_skip_tracking":false,"_monsterinsights_sitenote_active":false,"_monsterinsights_sitenote_note":"","_monsterinsights_sitenote_category":0,"footnotes":""},"class_list":["post-45","page","type-page","status-publish","hentry"],"yoast_head":"<!-- This site is optimized with the Yoast SEO plugin v27.4 - https:\/\/yoast.com\/product\/yoast-seo-wordpress\/ -->\n<title>Vestibulit - WiseMind Kvinnoh\u00e4lsa<\/title>\n<meta name=\"description\" content=\"KBT-behandling vid vestibulit\u00a0g\u00e5r ut p\u00e5 att f\u00f6r\u00e4ndra negativa f\u00f6rv\u00e4ntningar och r\u00e4dsla i de situationer d\u00e4r sm\u00e4rtsymtomen uppst\u00e5r.\" \/>\n<meta name=\"robots\" content=\"index, follow, max-snippet:-1, max-image-preview:large, max-video-preview:-1\" \/>\n<link rel=\"canonical\" href=\"https:\/\/wisemind.se\/kvinna\/vestibulit\/\" \/>\n<meta property=\"og:locale\" content=\"sv_SE\" \/>\n<meta property=\"og:type\" content=\"article\" \/>\n<meta property=\"og:title\" content=\"Vestibulit - WiseMind Kvinnoh\u00e4lsa\" \/>\n<meta property=\"og:description\" content=\"KBT-behandling vid vestibulit\u00a0g\u00e5r ut p\u00e5 att f\u00f6r\u00e4ndra negativa f\u00f6rv\u00e4ntningar och r\u00e4dsla i de situationer d\u00e4r sm\u00e4rtsymtomen uppst\u00e5r.\" \/>\n<meta property=\"og:url\" content=\"https:\/\/wisemind.se\/kvinna\/vestibulit\/\" \/>\n<meta property=\"og:site_name\" content=\"WiseMind Kvinnoh\u00e4lsa\" \/>\n<meta property=\"article:modified_time\" content=\"2025-09-02T06:06:39+00:00\" \/>\n<meta name=\"twitter:card\" content=\"summary_large_image\" \/>\n<meta name=\"twitter:label1\" content=\"Ber\u00e4knad l\u00e4stid\" \/>\n\t<meta name=\"twitter:data1\" content=\"2 minuter\" \/>\n<script type=\"application\/ld+json\" class=\"yoast-schema-graph\">{\"@context\":\"https:\\\/\\\/schema.org\",\"@graph\":[{\"@type\":\"WebPage\",\"@id\":\"https:\\\/\\\/wisemind.se\\\/kvinna\\\/vestibulit\\\/\",\"url\":\"https:\\\/\\\/wisemind.se\\\/kvinna\\\/vestibulit\\\/\",\"name\":\"Vestibulit - WiseMind Kvinnoh\u00e4lsa\",\"isPartOf\":{\"@id\":\"https:\\\/\\\/wisemind.se\\\/kvinna\\\/#website\"},\"datePublished\":\"2019-02-08T21:46:42+00:00\",\"dateModified\":\"2025-09-02T06:06:39+00:00\",\"description\":\"KBT-behandling vid vestibulit\u00a0g\u00e5r ut p\u00e5 att f\u00f6r\u00e4ndra negativa f\u00f6rv\u00e4ntningar och r\u00e4dsla i de situationer d\u00e4r sm\u00e4rtsymtomen uppst\u00e5r.\",\"breadcrumb\":{\"@id\":\"https:\\\/\\\/wisemind.se\\\/kvinna\\\/vestibulit\\\/#breadcrumb\"},\"inLanguage\":\"sv-SE\",\"potentialAction\":[{\"@type\":\"ReadAction\",\"target\":[\"https:\\\/\\\/wisemind.se\\\/kvinna\\\/vestibulit\\\/\"]}]},{\"@type\":\"BreadcrumbList\",\"@id\":\"https:\\\/\\\/wisemind.se\\\/kvinna\\\/vestibulit\\\/#breadcrumb\",\"itemListElement\":[{\"@type\":\"ListItem\",\"position\":1,\"name\":\"Hem\",\"item\":\"https:\\\/\\\/wisemind.se\\\/kvinna\\\/\"},{\"@type\":\"ListItem\",\"position\":2,\"name\":\"Vestibulit\"}]},{\"@type\":\"WebSite\",\"@id\":\"https:\\\/\\\/wisemind.se\\\/kvinna\\\/#website\",\"url\":\"https:\\\/\\\/wisemind.se\\\/kvinna\\\/\",\"name\":\"WiseMind Kvinnoh\u00e4lsa\",\"description\":\"Psykologiskt Kunskapscenter\",\"publisher\":{\"@id\":\"https:\\\/\\\/wisemind.se\\\/kvinna\\\/#organization\"},\"potentialAction\":[{\"@type\":\"SearchAction\",\"target\":{\"@type\":\"EntryPoint\",\"urlTemplate\":\"https:\\\/\\\/wisemind.se\\\/kvinna\\\/?s={search_term_string}\"},\"query-input\":{\"@type\":\"PropertyValueSpecification\",\"valueRequired\":true,\"valueName\":\"search_term_string\"}}],\"inLanguage\":\"sv-SE\"},{\"@type\":\"Organization\",\"@id\":\"https:\\\/\\\/wisemind.se\\\/kvinna\\\/#organization\",\"name\":\"Utveckling och Balans\",\"url\":\"https:\\\/\\\/wisemind.se\\\/kvinna\\\/\",\"logo\":{\"@type\":\"ImageObject\",\"inLanguage\":\"sv-SE\",\"@id\":\"https:\\\/\\\/wisemind.se\\\/kvinna\\\/#\\\/schema\\\/logo\\\/image\\\/\",\"url\":\"https:\\\/\\\/wisemind.se\\\/kvinna\\\/wp-content\\\/uploads\\\/uob-logga-150.png\",\"contentUrl\":\"https:\\\/\\\/wisemind.se\\\/kvinna\\\/wp-content\\\/uploads\\\/uob-logga-150.png\",\"width\":150,\"height\":62,\"caption\":\"Utveckling och Balans\"},\"image\":{\"@id\":\"https:\\\/\\\/wisemind.se\\\/kvinna\\\/#\\\/schema\\\/logo\\\/image\\\/\"}}]}<\/script>\n<!-- \/ Yoast SEO plugin. -->","yoast_head_json":{"title":"Vestibulit - WiseMind Kvinnoh\u00e4lsa","description":"KBT-behandling vid vestibulit\u00a0g\u00e5r ut p\u00e5 att f\u00f6r\u00e4ndra negativa f\u00f6rv\u00e4ntningar och r\u00e4dsla i de situationer d\u00e4r sm\u00e4rtsymtomen uppst\u00e5r.","robots":{"index":"index","follow":"follow","max-snippet":"max-snippet:-1","max-image-preview":"max-image-preview:large","max-video-preview":"max-video-preview:-1"},"canonical":"https:\/\/wisemind.se\/kvinna\/vestibulit\/","og_locale":"sv_SE","og_type":"article","og_title":"Vestibulit - WiseMind Kvinnoh\u00e4lsa","og_description":"KBT-behandling vid vestibulit\u00a0g\u00e5r ut p\u00e5 att f\u00f6r\u00e4ndra negativa f\u00f6rv\u00e4ntningar och r\u00e4dsla i de situationer d\u00e4r sm\u00e4rtsymtomen uppst\u00e5r.","og_url":"https:\/\/wisemind.se\/kvinna\/vestibulit\/","og_site_name":"WiseMind Kvinnoh\u00e4lsa","article_modified_time":"2025-09-02T06:06:39+00:00","twitter_card":"summary_large_image","twitter_misc":{"Ber\u00e4knad l\u00e4stid":"2 minuter"},"schema":{"@context":"https:\/\/schema.org","@graph":[{"@type":"WebPage","@id":"https:\/\/wisemind.se\/kvinna\/vestibulit\/","url":"https:\/\/wisemind.se\/kvinna\/vestibulit\/","name":"Vestibulit - WiseMind Kvinnoh\u00e4lsa","isPartOf":{"@id":"https:\/\/wisemind.se\/kvinna\/#website"},"datePublished":"2019-02-08T21:46:42+00:00","dateModified":"2025-09-02T06:06:39+00:00","description":"KBT-behandling vid vestibulit\u00a0g\u00e5r ut p\u00e5 att f\u00f6r\u00e4ndra negativa f\u00f6rv\u00e4ntningar och r\u00e4dsla i de situationer d\u00e4r sm\u00e4rtsymtomen uppst\u00e5r.","breadcrumb":{"@id":"https:\/\/wisemind.se\/kvinna\/vestibulit\/#breadcrumb"},"inLanguage":"sv-SE","potentialAction":[{"@type":"ReadAction","target":["https:\/\/wisemind.se\/kvinna\/vestibulit\/"]}]},{"@type":"BreadcrumbList","@id":"https:\/\/wisemind.se\/kvinna\/vestibulit\/#breadcrumb","itemListElement":[{"@type":"ListItem","position":1,"name":"Hem","item":"https:\/\/wisemind.se\/kvinna\/"},{"@type":"ListItem","position":2,"name":"Vestibulit"}]},{"@type":"WebSite","@id":"https:\/\/wisemind.se\/kvinna\/#website","url":"https:\/\/wisemind.se\/kvinna\/","name":"WiseMind Kvinnoh\u00e4lsa","description":"Psykologiskt Kunskapscenter","publisher":{"@id":"https:\/\/wisemind.se\/kvinna\/#organization"},"potentialAction":[{"@type":"SearchAction","target":{"@type":"EntryPoint","urlTemplate":"https:\/\/wisemind.se\/kvinna\/?s={search_term_string}"},"query-input":{"@type":"PropertyValueSpecification","valueRequired":true,"valueName":"search_term_string"}}],"inLanguage":"sv-SE"},{"@type":"Organization","@id":"https:\/\/wisemind.se\/kvinna\/#organization","name":"Utveckling och Balans","url":"https:\/\/wisemind.se\/kvinna\/","logo":{"@type":"ImageObject","inLanguage":"sv-SE","@id":"https:\/\/wisemind.se\/kvinna\/#\/schema\/logo\/image\/","url":"https:\/\/wisemind.se\/kvinna\/wp-content\/uploads\/uob-logga-150.png","contentUrl":"https:\/\/wisemind.se\/kvinna\/wp-content\/uploads\/uob-logga-150.png","width":150,"height":62,"caption":"Utveckling och Balans"},"image":{"@id":"https:\/\/wisemind.se\/kvinna\/#\/schema\/logo\/image\/"}}]}},"_links":{"self":[{"href":"https:\/\/wisemind.se\/kvinna\/wp-json\/wp\/v2\/pages\/45","targetHints":{"allow":["GET"]}}],"collection":[{"href":"https:\/\/wisemind.se\/kvinna\/wp-json\/wp\/v2\/pages"}],"about":[{"href":"https:\/\/wisemind.se\/kvinna\/wp-json\/wp\/v2\/types\/page"}],"author":[{"embeddable":true,"href":"https:\/\/wisemind.se\/kvinna\/wp-json\/wp\/v2\/users\/2"}],"replies":[{"embeddable":true,"href":"https:\/\/wisemind.se\/kvinna\/wp-json\/wp\/v2\/comments?post=45"}],"version-history":[{"count":3,"href":"https:\/\/wisemind.se\/kvinna\/wp-json\/wp\/v2\/pages\/45\/revisions"}],"predecessor-version":[{"id":12114,"href":"https:\/\/wisemind.se\/kvinna\/wp-json\/wp\/v2\/pages\/45\/revisions\/12114"}],"wp:attachment":[{"href":"https:\/\/wisemind.se\/kvinna\/wp-json\/wp\/v2\/media?parent=45"}],"curies":[{"name":"wp","href":"https:\/\/api.w.org\/{rel}","templated":true}]}}